hundreds digit of 164079?
0
What is the thousands digit of 280063?
0
What is the millions digit of 1347438?
1
What is the thousands digit of 14850702?
0
What is the ten thousands digit of 6339063?
3
What is the ten thousands digit of 898443?
9
What is the units digit of 204762?
2
What is the tens digit of 10842?
4
What is the units digit of 134131?
1
What is the ten thousands digit of 133192?
3
What is the hundreds digit of 176708?
7
What is the hundred thousands digit of 639927?
6
What is the thousands digit of 958905?
8
What is the thousands digit of 87348?
7
What is the units digit of 8787293?
3
What is the hundreds digit of 6951882?
8
What is the tens digit of 3097244?
4
What is the hundred thousands digit of 2082426?
0
What is the hundreds digit of 2206648?
6
What is the tens digit of 834509?
0
What is the millions digit of 6456832?
6
What is the hundreds digit of 732097?
0
What is the tens digit of 4569629?
2
What is the tens digit of 612152?
5
What is the units digit of 87972?
2
What is the thousands digit of 109040?
9
What is the thousands digit of 20868?
0
What is the millions digit of 31977926?
1
What is the ten thousands digit of 936464?
3
What is the ten thousands digit of 14755580?
5
What is the hundred thousands digit of 254903?
2
What is the units digit of 181231?
1
What is the units digit of 136546?
6
What is the hundreds digit of 74990?
9
What is the thousands digit of 1220911?
0
What is the units digit of 640921?
1
What is the units digit of 1972006?
6
What is the tens digit of 28754909?
0
What is the tens digit of 283698?
9
What is the units digit of 564016?
6
What is the ten thousands digit of 354365?
5
What is the hundreds digit of 9817385?
3
What is the hundreds digit of 63261?
2
What is the tens digit of 1861246?
4
What is the hundred thousands digit of 655878?
6
What is the thousands digit of 972017?
2
What is the hundreds digit of 12707502?
5
What is the tens digit of 687229?
2
What is the ten thousands digit of 1354836?
5
What is the hundreds digit of 238273?
2
What is the ten thousands digit of 1500581?
0
What is the thousands digit of 14383193?
3
What is the thousands digit of 96255?
6
What is the ten thousands digit of 8449935?
4
What is the ten thousands digit of 4674307?
7
What is the hundreds digit of 58678?
6
What is the units digit of 787619?
9
What is the thousands digit of 1532207?
2
What is the hundred thousands digit of 3806129?
8
What is the tens digit of 1788992?
9
What is the ten millions digit of 21252134?
2
What is the hundred thousands digit of 2720015?
7
What is the thousands digit of 17464115?
4
What is the hundreds digit of 275484?
4
What is the hundreds digit of 623829?
8
What is the hundreds digit of 440232?
2
What is the tens digit of 337150?
5
What is the millions digit of 1008404?
1
What is the millions digit of 1069706?
1
What is the millions digit of 2245524?
2
What is the hundreds digit of 353993?
9
What is the units digit of 45362?
2
What is the ten thousands digit of 1915490?
1
What is the tens digit of 227034?
3
What is the units digit of 126405?
5
What is the tens digit of 824528?
2
What is the ten thousands digit of 370705?
7
What is the units digit of 1563284?
4
What is the ten millions digit of 17290498?
1
What is the ten thousands digit of 127002?
2
What is the units digit of 368933?
3
What is the ten millions digit of 28914057?
2
What is the units digit of 101766?
6
What is the hundreds digit of 2601855?
8
What is the ten thousands digit of 764474?
6
What is the millions digit of 2580555?
2
What is the hundred thousands digit of 1643415?
6
What is the ten millions digit of 12532018?
1
What is the tens digit of 19816?
1
What is the hundreds digit of 54089?
0
What is the thousands digit of 94353?
4
What is the hundred thousands digit of 1709676?
7
What is the hundred thousands digit of 942511?
9
What is the ten thousands digit of 5492406?
9
What is the tens digit of 885324?
2
What is the millions digit of 10353989?
0
What is the hundred thousands digit of 3248215?
2
What is the hundreds digit of 556640?
6
What is the tens digit of 1482405?
0
What is the tens digit of 1566156?
5
What is the millions digit of 13590038?
3
What is the tens digit of 1744031?
3
What is the ten thousands digit of 26064?
2
What is the hundreds digit of 3459971?
9
What is the ten thousands digit of 8949805?
4
What is the tens digit of 5187915?
1
What is the millions digit of 22209321?
2
What is the thousands digit of 3978397?
8
What is the ten millions digit of 12947195?
1
What is the ten thousands digit of 2988158?
8
What is the hundreds digit of 178752?
7
What is the hundreds digit of 23059143?
1
What is the hundreds digit of 2882316?
3
What is the thousands digit of 4145520?
5
What is the thousands digit of 69699?
9
What is the units digit of 14656539?
9
What is the tens digit of 986092?
9
What is the thousands digit of 416294?
6
What is the hundred thousands digit of 1555503?
5
What is the units digit of 17870?
0
What is the units digit of 2611049?
9
What is the hundred thousands digit of 5932790?
9
What is the units digit of 307886?
6
What is the thousands digit of 4280502?
0
What is the hundreds digit of 75458?
4
What is the units digit of 8013634?
4
What is the tens digit of 348218?
1
What is the hundreds digit of 33342?
3
What is the ten thousands digit of 632733?
3
What is the hundred thousands digit of 2251941?
2
What is the thousands digit of 136231?
6
What is the millions digit of 5927780?
5
What is the units digit of 371586?
6
What is the units digit of 5000?
0
What is the millions digit of 3500417?
3
What is the tens digit of 243074?
7
What is the tens digit of 2374451?
5
What is the thousands digit of 15746690?
6
What is the units digit of 279059?
9
What is the ten thousands digit of 5965164?
6
What is the units digit of 99523?
3
What is the hundreds digit of 3143898?
8
What is the units digit of 6802529?
9
What is the thousands digit of 3023016?
3
What is the hundred thousands digit of 4767769?
7
What is the tens digit of 1112259?
5
What is the units digit of 13490891?
1
What is the units digit of 139359?
9
What is the millions digit of 2645989?
2
What is the hundred thousands digit of 249048?
2
What is the ten thousands digit of 130215?
3
What is the tens digit of 11487383?
8
What is the ten thousands digit of 323299?
2
What is the ten thousands digit of 59937?
5
What is the hundreds digit of 16339498?
4
What is the hundreds digit of 82193?
1
What is the hundred thousands digit of 32246422?
2
What is the millions digit of 7407426?
7
What is the ten thousands digit of 440568?
4
What is the hundred thousands digit of 107020?
1
What is the hundreds digit of 982823?
8
What is the hundreds digit of 256491?
4
What is the hundred thousands digit of 2785935?
7
What is the ten thousands digit of 3103036?
0
What is the hundreds digit of 223603?
6
What is the ten thousands digit of 3614644?
1
What is the units digit of 89177?
7
What is the tens digit of 10726?
2
What is the hundred thousands digit of 415303?
4
What is the ten thousands digit of 8773678?
7
What is the tens digit of 28405914?
1
What is the thousands digit of 4060912?
0
What is the millions digit of 1851865?
1
What is the tens digit of 6447969?
6
What is the thousands digit of 1418423?
8
What is the tens digit of 49936?
3
What is the millions digit of 12344653?
2
What is the millions digit of 1245607?
1
What is the tens digit of 3621027?
2
What is the thousands digit of 141316?
1
What is the thousands digit of 16037508?
7
What is the thousands digit of 157376?
7
What is the units digit of 8559350?
0
What is the tens digit of 3053330?
3
What is the ten thousands digit of 2521743?
2
What is the units digit of 3376125?
5
What is the units digit of 7665493?
3
What is the ten thousands digit of 22057?
2
What is the thousands digit of 812276?
2
What is the ten millions digit of 20881838?
2
What is the thousands digit of 99346?
9
What is the ten thousands digit of 24698206?
9
What is the ten thousands digit of 174996?
7
What is the hundred thousands digit of 1667253?
6
What is the tens digit of 22307357?
5
What is the ten millions digit of 19023860?
1
What is the tens digit of 785151?
5
What is the hundred thousands digit of 437946?
4
What 